.
7
Let q(d) be the third derivative of -d**5/60 - d**4/4 - d**3/2 - 5*d**2 - 2*d. Calculate q(-5).
2
Suppose -b + 4 - 5 = 0. Let k(y) = -3*y**2 + 1. Give k(b).
-2
Let x(o) = 2*o**2 - 3*o + 1. Suppose 4*i + 12 = -0*i + 4*s, -4*s = -20. Calculate x(i).
3
Let y(h) = 14*h**2 - h. Let x be (2 - 0) + (2 - 3). Calculate y(x).
13
Let f(x) = -x**3 - 1 + 1 + x + 2*x - 3. What is f(2)?
-5
Suppose 3*r - 4*r = -s + 9, 0 = 4*s - 3*r - 33. Let x(t) = t**3 - 7*t**2 + 6*t - 5. Give x(s).
-5
Let l(g) be the third derivative of 0 + 0*g - 1/360*g**6 + g**2 + 1/24*g**5 + 1/4*g**4 + 1/2*g**3. Let h(s) be the first derivative of l(s). What is h(5)?
6
Let a(k) = 5*k. Let s(d) = d + 2. Let t(c) = -c**2 + c - 1. Let g be t(0). Let f be s(g). Calculate a(f).
5
Suppose -2*q + h = 2*h + 24, 5*q + 47 = 4*h. Let s(g) = -g**3 - 10*g**2 + 11*g + 9. Determine s(q).
9
Let z(h) = -8*h**3 + 6*h**2 + 3*h - 9. Let g(w) = 7*w**3 - 6*w**2 - 3*w + 9. Let f(b) = -7*g(b) - 6*z(b). Let u = -1 + 7. Give f(u).
9
Let u(m) = -3*m**2 - 2*m + 2. Let g = 10 + -5. Suppose g + 0 = -5*a, -9 = 2*y + 5*a. Determine u(y).
-6
Suppose -1 = -4*w - 5*v + 2*v, 2*v - 16 = 5*w. Let i(q) be the third derivative of -q**4/24 - q**3/3 + q**2. Give i(w).
0
Let h(t) = 2*t**2 - 6*t. Let a(m) = m - 13. Let c(o) = 1. Let v(k) = -a(k) - 4*c(k). Let f be v(5). Give h(f).
8
Let h(f) be the first derivative of -f**4/4 + 2*f**3 + f**2 - 2*f - 31. Calculate h(6).
10
Let x = -27 - -48. Suppose m = -1 - 4, s - x = 5*m. Let z(a) = 0*a - 3*a - 4 - 2. Give z(s).
6
Let y = -1 - -1. Suppose y = 4*v + v + 25. Let s(m) be the third derivative of -m**6/120 - m**5/10 - 5*m**4/24 - 5*m**3/6 - 10*m**2. Give s(v).
-5
Let a(n) = 2*n + n**3 - 1 + 2*n**3 - n**3 - 2*n**2 + 5*n**3. Suppose -9 = -4*m + 5*r, 3*r + r + 6 = 2*m. Determine a(m).
6
Let z(m) be the third derivative of 0*m + 0 + 1/6*m**3 + 3*m**2 - 1/24*m**4. Calculate z(-6).
7
Let s be 1/(0 + -2 - -1). Let l be 1 + s - (5 + -4). Let f(n) = -4*n**3 + n**2 + n. What is f(l)?
4
Let n(p) be the third derivative of p**6/120 + p**5/12 - p**4/24 - p**3/6 - 5*p**2. What is n(-4)?
19
Let a(g) = -g**3 + 10*g**2 + 11*g + 4. Let l be a(11). Suppose l*h + 4*d = -36, -h - 20 = 4*d - 2. Let n(b) = 2*b + 2. What is n(h)?
-10
Let l(j) be the first derivative of -1/2*j**2 + 1 - 7*j. Determine l(-3).
-4
Suppose 4*g + 8 = -5*u + u, -4*g - 2 = 2*u. Let r(n) be the first derivative of -10*n**3/3 - 1. What is r(g)?
-10
Suppose -2*a + 3*p + 12 = 0, 3*p + 2 = 2*p. Suppose 0 = a*f + 3 - 0. Let b(i) = -1 + 0*i - 3*i + 6*i. Determine b(f).
-4
Let b(o) be the third derivative of -o**4/24 - o**3/6 + 8*o**2. Determine b(4).
-5
Let q be 12 + 0 - 6/2. Suppose 0 = 2*y - 0*y + 12. Let u = y + q. Let k(w) = w**3 - 5*w**2 + 3*w + 3. Determine k(u).
-6
Let t = -5 - -9. Let z = t - 2. Suppose -1 = -z*u - 3. Let q(m) = 5*m - 1. Calculate q(u).
-6
Let m(s) be the second derivative of -4*s**3/3 - s**2/2 - 13*s. Determine m(1).
-9
Let a(c) = 3*c + 0 + 0 + 2 + 0*c. Let p(n) = n - 3*n**2 - n - n**3 + 2*n + 3. Let j be p(-3). Determine a(j).
-7
Let q(c) = -2*c**3 - 11*c**2 + 4*c - 8. Let a(u) = -5*u**3 - 23*u**2 + 7*u - 17. Let r(p) = -3*a(p) + 7*q(p). Determine r(7).
-5
Let i(c) be the first derivative of c**4/4 - c**3/3 + c**2 - 2*c + 3. Calculate i(2).
6
Let j(m) = m**3 + 6*m**2. Let x(u) = -2*u**2 - 2*u + 18. Let v be x(-4). What is j(v)?
0
Let a = -20 - -17. Let q(i) = -i**3 - 4*i**2 - 4*i. Give q(a).
3
Let s(p) = -p**3 + p**2 - p + 8. Let t be s(0). Let d = -11 + t. Let v(o) = o**2 + o - 4. What is v(d)?
2
Let o(u) = u**2 + 0*u**2 + 5 - 3*u - 4 - 2*u**2. Let l(g) = -g**2 + 5*g + 2. Let h be l(6). What is o(h)?
-3
Let u(g) = 14*g + 9*g - 29*g. Give u(-2).
12
Suppose 0 = 4*f - 3*f. Let j(i) = i + 7. Let y be j(-6). Let z(x) = 3 - y + 2*x**2 - 2*x + f*x**2. Give z(2).
6
Let a(t) = -4*t**2 - t - 2. Let x(o) = -3*o**2 - 2. Let z(i) = 4*a(i) - 5*x(i). Calculate z(-4).
2
Let i(t) be the third derivative of -3/8*t**4 + t**3 + 0 + 1/60*t**5 + 0*t - t**2. Determine i(4).
-14
Let w be (-10)/(-24) - 1/3. Let d(j) be the second derivative of 1/6*j**3 + 2*j - w*j**4 + 0 - 1/2*j**2 + 9/20*j**5. What is d(1)?
8
Let u(h) = h**3 + h**2 - h + 1. Let v(i) = 5*i**3 + 11*i**2 + 2*i + 7. Suppose -1 = 2*n - n. Let w(s) = n*v(s) + 4*u(s). Let y be (64/12)/(-2)*9/4. Give w(y).
-3
Let q(x) = -3*x - 7 - x**3 + 2*x - x**2 + 0*x. Suppose -5*j = 3*m - 40, -4*m = 2*j + 2*j - 32. Let v = 8 - j. Calculate q(v).
-7
Suppose 0*m = -4*v - 3*m, 3*v - 2*m = -17. Let o(d) = 2*d + 4. Calculate o(v).
-2
Let x(k) = 2*k**2 + k + 1. Let q = 21 - 22. Let m = -6 - -3. Let l = m - q. Give x(l).
7
Let b be 1/(-1)*2/(-2). Let f(a) = -5*a + 1. Calculate f(b).
-4
Suppose -m + 4*m - 27 = -3*s, -10 = -5*m + 2*s. Suppose 12 = -x + m*x. Suppose 3 = -x*a + g, -a = a + 3*g + 5. Let z(q) = 8*q + 1. What is z(a)?
-7
Let w(s) = -4*s + 14. Let u be w(4). Let b(k) = 2*k**2 + k - 2. Calculate b(u).
4
Let w(u) = -3 - 6 + u**2 - 17*u + 10*u. What is w(7)?
-9
Let b be ((-12)/(-16) - (-17)/(-12))*-3. Let g(q) = 0 - 1 - 1 - q. Calculate g(b).
-4
Let f = 4 - 1. Let r = 0 - -2. Let u(a) = 4*a - 2 - f*a - 5 - r*a. Give u(-5).
-2
Suppose 3*g - 2*c = -0*c - 2, 3*c + 4 = g. Let m(h) = -h**3 - h**2 - 2. Give m(g).
2
Let p(y) = 9*y + 9. Let x(h) = -4*h - 4. Let q(o) = 2*p(o) + 5*x(o). Suppose r + 3*k = 1, -19 + 47 = -4*r + 4*k. What is q(r)?
8
Let c(n) = n**2 - 5*n. Suppose 5*s + 3*i - 36 = 0, -2*s + 14 = s - 2*i. What is c(s)?
6
Suppose 0 = 5*r + 2*h - 25, 4*r - 4*h = 12 + 8. Let y(w) be the third derivative of -w**4/8 + 5*w**3/6 + 2*w**2. Determine y(r).
-10
Let c(p) = p**3 - 3*p**2 - 3. Suppose 3*i + 13 = -0*i - 5*r, -3*i = r - 7. Calculate c(i).
13
Let n(i) = i**3 - i - 1. Let y = -7 + 9. Let f(c) = 3*c**3 - 6*c**2 - 8. Let p(v) = y*n(v) - f(v). Suppose -2*t + 6*t - 24 = 0. What is p(t)?
-6
Suppose 3*h + 2*k = 58, 2*k - 7 = 3. Let y be 2/(h/(-6))*-4. Let j(c) = 3*c**2 - 2 + 2*c**y - 3*c - 2*c - c**3. Determine j(-4).
2
Suppose 4*i - 12 = -20. Let f(u) be the third derivative of -u**6/240 + u**4/12 - 2*u**2. Let w(m) be the second derivative of f(m). Give w(i).
6
Let o(w) = 8*w + w**2 - 4 - 4*w - 2*w - w. Let q be (0 - 0) + -1 + 3. Suppose 2*s + 12 = -q*s. What is o(s)?
2
Let a(f) = -f**3 - f + 16 + 7*f**2 - 2 - 4. Calculate a(7).
3
Let p(h) be the third derivative of -h**8/20160 - h**7/5040 - h**6/720 - h**5/15 + 5*h**2. Let q(f) be the third derivative of p(f). Give q(0).
-1
Let q(u) = -u**2 + 7. Let v be 0/((3 - 1) + 0). Calculate q(v).
7
Let d be 2/(-5)*(90/4)/(-9). Let m(k) = k. What is m(d)?
1
Let b(y) be the first derivative of -3*y**4/4 - 2*y**3/3 + y**2 - y - 3. What is b(1)?
-4
Let h(q) = 2*q**2 + 0*q**2 - 6*q**2 + 2 + 5*q**2 - 4*q. Let o(r) be the third derivative of r**5/60 + 5*r**4/24 + r**3/3 + r**2. Let t be o(-5). Give h(t).
-2
Let p(i) = -7*i - 4*i**3 + 5*i**3 + 0 + 5 - 6*i**2. Determine p(7).
5
Let h(k) = -4*k**2 + 5*k + 4. Let n(o) = -5*o**2 + 5*o + 5. Let d(j) = -6*h(j) + 5*n(j). Determine d(-6).
-5
Suppose 6 = 4*g - 5*n, 28 = 4*g + g + 4*n. Let h(i) be the third derivative of -i**4/24 + 7*i**2. Give h(g).
-4
Let j(o) be the first derivative of o**4/4 + 3*o**3 - 9*o**2/2 + 10*o + 27. Give j(-10).
0
Let g be 3*-1 + (2 - 3). Let b(n) = 4*n + 6. Determine b(g).
-10
Let y(n) = -3*n**2 + 3*n + 2*n**2 - n - 3. Suppose 1 + 27 = 14*r. Give y(r).
-3
Let a(m) = -m**3 - 4*m**2 - 5*m - 3. Let v be a(-3). Let i(c) = -7 + 11 - v*c**2 + 2*c**2 + 4*c. Let q = -7 - -11. What is i(q)?
4
Let l(o) = o**2 + 3. Let i be 0 + (-3)/(3/4). Let b(c) = c + 4. Let m be b(i). Give l(m).
3
Let k(l) be the third derivative of l**5/60 - 5*l**4/24 + 5*l**3/6 + 11*l**2. Suppose 5*q + 10 = 4*q. Let g be 2*(-2)/10*q. Give k(g).
1
Let g(z) = 2*z - 5 - 13 + 17. Determine g(-3).
-7
Let k(a) = a**2 - 10*a + 9. Suppose -3*j + j + 4*d = 6, -15 = -5*j + 4*d. Let h be k(j). Let y be 57/h + 1/(-4). Let w(n) = -2*n - 7. What is w(y)?
3
Let s be (2 - 2)/(-7*(-2)/14). Let q(b) = 5*b**3 - 5*b**2 + 6*b - 8. Let d(k) = -9*k**3 + 9*k**2 - 11*k + 16. Let t(w) = 6*d(w) + 11*q(w). Give t(s).
8
Let z(d) = 2*d + 6 - 5 - 2. Let b be 252/15 + 1/5. Suppose 0 = -l - 3*l + 3*i - b, -4*l - 5 = i. Give z(l).
-5
Let h(v) = -13*v - 11. Let o(i) = -7*i - 6. Let k(s) = 6*h(s) - 11*o(s). Suppose 0*r + 5 = -r. Let m = -6 - r. What is k(m